25
100112 (base 3) to base 9
315
What is -782 (base 12) in base 15?
-4db
Convert 111011110001 (base 2) to base 3.
12020200
6b1b (base 14) to base 13
8643
Convert 4624 (base 14) to base 10.
12184
Convert -225 (base 11) to base 14.
-153
Convert 313 (base 4) to base 12.
47
Convert 25a98 (base 12) to base 10.
51668
What is -100100000111000 (base 2) in base 11?
-12988
What is -105223 (base 7) in base 11?
-13003
What is 420 (base 12) in base 3?
211020
23113 (base 6) to base 3
11111200
Convert -46542 (base 7) to base 10.
-11937
What is 13312323 (base 4) in base 11?
22201
What is 3000 (base 13) in base 12?
3993
Convert 344 (base 9) to base 14.
163
Convert 313011 (base 5) to base 15.
3121
-18562 (base 9) to base 16
-3236
4b97 (base 14) to base 2
11001111010001
What is -a19 (base 11) in base 4?
-103032
971 (base 10) to base 11
803
b42 (base 16) to base 9
3852
What is -5a3 (base 14) in base 10?
-1123
Convert -11021021 (base 3) to base 5.
-44422
What is 763 (base 16) in base 15?
861
What is -42 (base 11) in base 10?
-46
What is -2316 (base 7) in base 2?
-1101001110
Convert -500 (base 6) to base 12.
-130
Convert 1609 (base 10) to base 13.
96a
What is -1030221 (base 5) in base 15?
-530b
Convert -12112101 (base 3) to base 6.
-30401
What is 10001100110001 (base 2) in base 12?
5269
Convert 4193 (base 13) to base 9.
13405
-10510 (base 9) to base 6
-52143
Convert -10131 (base 6) to base 10.
-1351
What is 864b (base 13) in base 2?
100100011011101
What is -102b2 (base 12) in base 9?
-32018
-93a5 (base 13) to base 11
-1437a
64056 (base 10) to base 5
4022211
6003 (base 7) to base 10
2061
What is -30 (base 8) in base 10?
-24
What is -2caf (base 16) in base 5?
-331224
-52045 (base 7) to base 2
-11000110110100
Convert 63551 (base 7) to base 9.
23502
Convert -3a4 (base 11) to base 15.
-21c
What is 2010303 (base 4) in base 7?
33531
What is -2792 (base 10) in base 8?
-5350
What is -121212 (base 3) in base 8?
-707
-4040 (base 7) to base 16
-578
Convert 316d (base 15) to base 6.
120221
What is 9c97 (base 13) in base 6?
245301
Convert -163 (base 12) to base 10.
-219
Convert -1035 (base 16) to base 11.
-3132
3446 (base 8) to base 11
1414
Convert -33033 (base 5) to base 14.
-b80
-7507 (base 8) to base 12
-231b
What is 7629 (base 10) in base 4?
1313031
Convert 3a6 (base 13) to base 12.
457
4250 (base 6) to base 11
7a9
Convert -187 (base 13) to base 11.
-235
Convert -13006 (base 15) to base 13.
-21867
-5a1 (base 12) to base 10
-841
What is 2253 (base 6) in base 2?
1000011001
What is -36342 (base 7) in base 4?
-2103132
Convert -141 (base 15) to base 12.
-1ba
-2330212 (base 4) to base 5
-341240
Convert 13351 (base 9) to base 2.
10001101001101
What is -1551 (base 8) in base 11?
-724
What is 25453 (base 10) in base 2?
110001101101101
What is -1001021100 (base 3) in base 6?
-235230
2c78 (base 14) to base 11
5a74
110001000001 (base 2) to base 8
6101
Convert -5866 (base 9) to base 6.
-32053
What is 20002 (base 9) in base 13?
5c87
What is -1862 (base 9) in base 3?
-1222002
What is 781 (base 11) in base 12?
660
-2231 (base 5) to base 12
-224
Convert 12322 (base 5) to base 7.
2543
-4180 (base 12) to base 11
-5412
580 (base 15) to base 6
5433
Convert 29622 (base 13) to base 15.
1815c
-155 (base 11) to base 4
-2311
-100 (base 3) to base 5
-14
-56260 (base 7) to base 15
-431d
What is -10001001100100 (base 2) in base 3?
-110002002
What is -13101 (base 4) in base 11?
-393
Convert 1101122 (base 3) to base 9.
1348
What is 7226 (base 8) in base 16?
e96
Convert -64cc (base 14) to base 16.
-4414
Convert 100100101110101 (base 2) to base 14.
6bd3
Convert -186e (base 16) to base 13.
-2b01
-125 (base 6) to base 8
-65
Convert 47520 (base 9) to base 6.
403030
-285 (base 9) to base 8
-357
What is 88b (base 12) in base 10?
1259
What is -10001 (base 6) in base 8?
-2421
What is 1086 (base 13) in base 14?
bab
What is -66443 (base 7) in base 16?
-4133
430 (base 15) to base 3
1022000
What is 8922 (base 10) in base 12?
51b6
Convert 165401 (base 7) to base 11.
22984
213213 (base 4) to base 16
9e7
-11001000001 (base 2) to base 14
-825
Convert 23402 (base 6) to base 7.
12605
What is -4b41 (base 14) in base 10?
-13189
-1606 (base 15) to base 10
-4731
What is -726 (base 11) in base 10?
-875
What is -21011 (base 4) in base 7?
-1460
What is -11001100011100 (base 2) in base 11?
-9915
Convert 136 (base 7) to base 2.
1001100
Convert -7634 (base 8) to base 13.
-1a85
-4585 (base 9) to base 4
-311012
-4c3 (base 16) to base 7
-3361
Convert 699 (base 10) to base 12.
4a3
What is -1010000 (base 4) in base 16?
-1100
Convert -22553 (base 7) to base 14.
-2163
What is 254 (base 9) in base 16?
d3
153 (base 16) to base 8
523
What is -1169 (base 10) in base 6?
-5225
-164 (base 12) to base 11
-190
17411 (base 9) to base 5
340443
What is 1101001110111 (base 2) in base 9?
10257
144 (base 12) to base 14
100
111220 (base 3) to base 4
11313
Convert 140 (base 8) to base 6.
240
-10000101001001 (base 2) to base 12
-4b21
What is -2b1 (base 14) in base 11?
-458
What is -d (base 15) in base 10?
-13
Convert -26651 (base 8) to base 3.
-121000221
48 (base 12) to base 15
3b
What is 214052 (base 7) in base 2?
1001001000110000
What is -1042 (base 6) in base 15?
-112
What is -200003 (base 4) in base 10?
-2051
What is -2233310 (base 5) in base 16?
-9b96
What is 29c1 (base 14) in base 10?
7421
What is 3473 (base 9) in base 4?
220101
What is 2052 (base 7) in base 2?
1011010011
Convert -230312 (base 4) to base 6.
-21142
637 (base 9) to base 14
292
What is 433 (base 8) in base 11?
238
What is -23000101 (base 4) in base 12?
-22101
Convert a835 (base 14) to base 3.
1110212010
Convert 242434 (base 5) to base 3.
110111202
Convert -32521 (base 7) to base 13.
-392b
What is -111111101000001 (base 2) in base 7?
-163656
Convert 18071 (base 14) to base 3.
10001221112
Convert -d7bb (base 15) to base 11.
-31309
-1b2 (base 14) to base 15
-187
-10678 (base 9) to base 3
-100202122
What is -44203 (base 5) in base 3?
-11012002
-111255 (base 7) to base 3
-1000000020
-6a0 (base 11) to base 13
-4c4
What is -34701 (base 8) in base 11?
-10121
-1670 (base 10) to base 7
-4604
Convert 4a59 (base 13) to base 12.
6134
230 (base 12) to base 2
101000100
177 (base 9) to base 8
227
-962 (base 13) to base 4
-121001
11010010001111 (base 2) to base 9
20410
Convert 1372 (base 9) to base 15.
492
3d33 (base 16) to base 12
9097
What is -21d (base 16) in base 2?
-1000011101
144 (base 11) to base 3
20021
Convert 51 (base 6) to base 16.
1f
17327 (base 11) to base 15
7335
What is -7739 (base 10) in base 9?
-11548
2264 (base 8) to base 10
1204
Convert 356 (base 15) to base 13.
462
Convert 10646 (base 7) to base 13.
131c
What is -390 (base 12) in base 6?
-2300
648c (base 15) to base 12
10396
What is -1230 (base 7) in base 2?
-111001110
What is -ad4 (base 15) in base 11?
-1927
-bc51 (base 14) to base 8
-77537
What is -9 (base 12) in base 15?
-9
200030 (base 5) to base 3
22121001
438 (base 13) to base 8
1323
-69b (base 13) to base 5
-14032
Convert 3481 (base 13) to base 14.
2988
7553 (base 11) to base 2
10011011111100
What is 221010 (base 3) in base 7?
1656
What is -2402 (base 11) in base 16?
-c4c
What is 7120 (base 12) in base 10?
12264
What is 583 (base 10) in base 14?
2d9
-16005 (base 11) to base 6
-252440
-10a0 (base 12) to base 2
-11100111000
2165 (base 8) to base 12
7b1
Convert 1868 (base 10) to base 9.
2505
What is -3202 (base 4) in base 10?
-226
-16708 (base 9) to base 4
-2303312
Convert -792 (base 10) to base 7.
-2211
What is -2005 (base 12) in base 8?
-6605
What is -3302 (base 8) in base 16?
-6c2
-437aa (base 11) to base 15
-13c4e
Convert 1221434 (base 5) to base 2.
101101101001001
Convert -61 (base 13) to base 12.
-67
-11020200 (base 3) to base 6
-22200
What is -341052 (base 7) in base 9?
-101766
What is 23203 (base 13) in base 12?
3109a
What is 10000101100111100 (base 2) in base 11?
47443
What is 2043112 (base 5) in base 9?
51762
Convert 8577 (base 10) to base 11.
6498
What is 699 (base 10) in base 14?
37d
What is -1656 (base 15) in base 4?
-1023012
What is 617 (base 9) in base 4?
13312
What is -2021110221 (base 3) in base 5?
-2413233
What is 23021 (base 6) in base 3?
11110111
10570 (base 13) to base 10
29497
What is 54586 (base 9) in base 6?
435340
Convert 201012 (base 4) to base 2.
100